{"id":76,"date":"2016-04-03T00:30:58","date_gmt":"2016-04-02T22:30:58","guid":{"rendered":"http:\/\/www.wctag-hilft.de\/homepage\/?page_id=76"},"modified":"2016-06-15T23:43:38","modified_gmt":"2016-06-15T21:43:38","slug":"wie-alles-begann","status":"publish","type":"page","link":"https:\/\/www.wctag-hilft.de\/homepage\/wie-alles-begann\/","title":{"rendered":"Wie alles begann"},"content":{"rendered":"<div style=\"text-align: justify; font-size: 18px;\"><\/div>\n<p><img loading=\"lazy\" decoding=\"async\" class=\"alignnone size-full wp-image-826\" src=\"https:\/\/www.wctag-hilft.de\/homepage\/wp-content\/uploads\/2016\/04\/DSC01625_-e1466026032243.jpg\" alt=\"SONY DSC\" width=\"1400\" height=\"588\" srcset=\"https:\/\/www.wctag-hilft.de\/homepage\/wp-content\/uploads\/2016\/04\/DSC01625_-e1466026032243.jpg 1400w, https:\/\/www.wctag-hilft.de\/homepage\/wp-content\/uploads\/2016\/04\/DSC01625_-e1466026032243-300x126.jpg 300w, https:\/\/www.wctag-hilft.de\/homepage\/wp-content\/uploads\/2016\/04\/DSC01625_-e1466026032243-1024x430.jpg 1024w, https:\/\/www.wctag-hilft.de\/homepage\/wp-content\/uploads\/2016\/04\/DSC01625_-e1466026032243-768x323.jpg 768w\" sizes=\"auto, (max-width: 1400px) 100vw, 1400px\" \/><\/p>\n<p>&nbsp;<\/p>\n<h1 style=\"text-align: justify; font-size: 18px;\"><b>Eine Einf\u00fchrung von Gr\u00fcnder und Vorstandsmitglied \u2013 Jan Silberstorff<\/b><\/h1>\n<p>&nbsp;<\/p>\n<div style=\"text-align: justify; font-size: 18px;\">\n<p>\u201eAls ich vier Tage nach dem Tsunami 2004 in Sri Lanka eintraf und das Ausma\u00df der Verw\u00fcstung und der vielen Toten leibhaftig wurde, kam mir ein Gedanke. Ich schrieb eine E-Mail an unsere WCTAG Mitglieder und in k\u00fcrzester Zeit schickten unerwartet viele von uns Geld. Mit unserem Freund Rajah organisierten wir 12 Fahrten in das Krisengebiet im S\u00fcden Sri Lankas, um den Bed\u00fcrftigen und \u00dcberlebenden Lebensmittel, Decken und Kleidung zu bringen.<\/p>\n<p>Mir wurde bewusst, dass ein gro\u00dfer Verband auch eine soziale Verantwortung tr\u00e4gt. Die Idee einer WCTAG internen Hilfsorganisation war geboren. Die Herzensw\u00e4rme der Leidenden, die uns entgegengebracht wurde, zeigte mir zudem, dass Helfen ein wesentlicher Teil unserer spirituellen Praxis im Taijiquan ist. Mir wurde klar, dass hier nicht nur materiell und von reich nach arm geholfen wurde. Ich erkannte auf vielen meiner Reisen in die armen Gebiete unserer Erde, dass sich Gl\u00fcckseligkeit, G\u00fcte und Herzensreinheit unabh\u00e4ngig von materiellen G\u00fctern bewegte.<\/p>\n<p>Dabei erkannte ich unsere Verpflichtung, zu geben. Und von den Armen zu lernen, unsere eigenen Probleme richtig einzusch\u00e4tzen und zu erkennen, dass Gl\u00fcckseligkeit im Innern, in unser aller Herzen liegt.<\/p>\n<div data-id='closed' class=\"ale-toggle\"><span class=\"ale-toggle-title\">Mehr lesen<\/span><div class=\"ale-toggle-inner\"><\/p>\n<ul>\n<li>Armen Menschen helfen, wie wir es k\u00f6nnen und von ihnen lernen.<\/li>\n<li>Anderen die M\u00f6glichkeit geben, auch eine gesicherte Lebenssituation zu haben, die es ihnen wie uns erm\u00f6glicht, z.B. Taijiquan trainieren zu k\u00f6nnen.<\/li>\n<li>Weltweites Miteinander ohne soziale Grenzen.<\/li>\n<li>Erfahren, dass \u201egeben seliger ist als nehmen\u201c.<\/li>\n<li>Ein Kreis, der sich dadurch auf allen Ebenen f\u00fcr uns als Weltverband schlie\u00dft.<\/li>\n<li>Taiji in seiner Ganzheit praktizieren und dadurch wieder zu der Essenz des Lebens selbst zur\u00fcckfinden.<\/li>\n<li>Dies macht die WCTA f\u00fcr mich erst rund und vollst\u00e4ndig.<\/li>\n<\/ul>\n<p><\/div><\/div>\n<\/div>\n<p>Ich danke allen, die mit mir an diese Vision glauben und mithelfen.\u201c<\/p>\n<p>&nbsp;<\/p>\n<p>&#8211; Jan Silberstorff<\/p>\n","protected":false},"excerpt":{"rendered":"<p>&nbsp; Eine Einf\u00fchrung von Gr\u00fcnder und Vorstandsmitglied \u2013 Jan Silberstorff &nbsp; \u201eAls ich vier Tage nach dem Tsunami 2004 in Sri Lanka eintraf und das Ausma\u00df der Verw\u00fcstung und der vielen Toten leibhaftig wurde, kam mir ein Gedanke. Ich schrieb eine E-Mail an unsere WCTAG Mitglieder und in k\u00fcrzester Zeit schickten unerwartet viele von uns [&hellip;]<\/p>\n","protected":false},"author":1,"featured_media":0,"parent":0,"menu_order":0,"comment_status":"closed","ping_status":"closed","template":"","meta":{"footnotes":""},"class_list":["post-76","page","type-page","status-publish","hentry"],"_links":{"self":[{"href":"https:\/\/www.wctag-hilft.de\/homepage\/wp-json\/wp\/v2\/pages\/76","targetHints":{"allow":["GET"]}}],"collection":[{"href":"https:\/\/www.wctag-hilft.de\/homepage\/wp-json\/wp\/v2\/pages"}],"about":[{"href":"https:\/\/www.wctag-hilft.de\/homepage\/wp-json\/wp\/v2\/types\/page"}],"author":[{"embeddable":true,"href":"https:\/\/www.wctag-hilft.de\/homepage\/wp-json\/wp\/v2\/users\/1"}],"replies":[{"embeddable":true,"href":"https:\/\/www.wctag-hilft.de\/homepage\/wp-json\/wp\/v2\/comments?post=76"}],"version-history":[{"count":28,"href":"https:\/\/www.wctag-hilft.de\/homepage\/wp-json\/wp\/v2\/pages\/76\/revisions"}],"predecessor-version":[{"id":839,"href":"https:\/\/www.wctag-hilft.de\/homepage\/wp-json\/wp\/v2\/pages\/76\/revisions\/839"}],"wp:attachment":[{"href":"https:\/\/www.wctag-hilft.de\/homepage\/wp-json\/wp\/v2\/media?parent=76"}],"curies":[{"name":"wp","href":"https:\/\/api.w.org\/{rel}","templated":true}]}}

<div style="text-align: justify; font-size: 18px;"></div>
<p><img loading="lazy" decoding="async" class="alignnone size-full wp-image-826" src="https://www.wctag-hilft.de/homepage/wp-content/uploads/2016/04/DSC01625_-e1466026032243.jpg" alt="SONY DSC" width="1400" height="588" srcset="https://www.wctag-hilft.de/homepage/wp-content/uploads/2016/04/DSC01625_-e1466026032243.jpg 1400w, https://www.wctag-hilft.de/homepage/wp-content/uploads/2016/04/DSC01625_-e1466026032243-300x126.jpg 300w, https://www.wctag-hilft.de/homepage/wp-content/uploads/2016/04/DSC01625_-e1466026032243-1024x430.jpg 1024w, https://www.wctag-hilft.de/homepage/wp-content/uploads/2016/04/DSC01625_-e1466026032243-768x323.jpg 768w" sizes="auto, (max-width: 1400px) 100vw, 1400px" /></p>
<p>&nbsp;</p>
<h1 style="text-align: justify; font-size: 18px;"><b>Eine Einführung von Gründer und Vorstandsmitglied – Jan Silberstorff</b></h1>
<p>&nbsp;</p>
<div style="text-align: justify; font-size: 18px;">
<p>„Als ich vier Tage nach dem Tsunami 2004 in Sri Lanka eintraf und das Ausmaß der Verwüstung und der vielen Toten leibhaftig wurde, kam mir ein Gedanke. Ich schrieb eine E-Mail an unsere WCTAG Mitglieder und in kürzester Zeit schickten unerwartet viele von uns Geld. Mit unserem Freund Rajah organisierten wir 12 Fahrten in das Krisengebiet im Süden Sri Lankas, um den Bedürftigen und Überlebenden Lebensmittel, Decken und Kleidung zu bringen.</p>
<p>Mir wurde bewusst, dass ein großer Verband auch eine soziale Verantwortung trägt. Die Idee einer WCTAG internen Hilfsorganisation war geboren. Die Herzenswärme der Leidenden, die uns entgegengebracht wurde, zeigte mir zudem, dass Helfen ein wesentlicher Teil unserer spirituellen Praxis im Taijiquan ist. Mir wurde klar, dass hier nicht nur materiell und von reich nach arm geholfen wurde. Ich erkannte auf vielen meiner Reisen in die armen Gebiete unserer Erde, dass sich Glückseligkeit, Güte und Herzensreinheit unabhängig von materiellen Gütern bewegte.</p>
<p>Dabei erkannte ich unsere Verpflichtung, zu geben. Und von den Armen zu lernen, unsere eigenen Probleme richtig einzuschätzen und zu erkennen, dass Glückseligkeit im Innern, in unser aller Herzen liegt.</p>
<div data-id='closed' class="ale-toggle"><span class="ale-toggle-title">Mehr lesen</span><div class="ale-toggle-inner"></p>
<ul>
<li>Armen Menschen helfen, wie wir es können und von ihnen lernen.</li>
<li>Anderen die Möglichkeit geben, auch eine gesicherte Lebenssituation zu haben, die es ihnen wie uns ermöglicht, z.B. Taijiquan trainieren zu können.</li>
<li>Weltweites Miteinander ohne soziale Grenzen.</li>
<li>Erfahren, dass „geben seliger ist als nehmen“.</li>
<li>Ein Kreis, der sich dadurch auf allen Ebenen für uns als Weltverband schließt.</li>
<li>Taiji in seiner Ganzheit praktizieren und dadurch wieder zu der Essenz des Lebens selbst zurückfinden.</li>
<li>Dies macht die WCTA für mich erst rund und vollständig.</li>
</ul>
<p></div></div>
</div>
<p>Ich danke allen, die mit mir an diese Vision glauben und mithelfen.“</p>
<p>&nbsp;</p>
<p>&#8211; Jan Silberstorff</p>

<p>&nbsp; Eine Einführung von Gründer und Vorstandsmitglied – Jan Silberstorff &nbsp; „Als ich vier Tage nach dem Tsunami 2004 in Sri Lanka eintraf und das Ausmaß der Verwüstung und der vielen Toten leibhaftig wurde, kam mir ein Gedanke. Ich schrieb eine E-Mail an unsere WCTAG Mitglieder und in kürzester Zeit schickten unerwartet viele von uns [&hellip;]</p>
