{"id":22,"date":"2016-03-31T21:27:31","date_gmt":"2016-03-31T19:27:31","guid":{"rendered":"http:\/\/www.wctag-hilft.de\/homepage\/?page_id=22"},"modified":"2020-05-12T12:58:17","modified_gmt":"2020-05-12T10:58:17","slug":"wer-sind-wir","status":"publish","type":"page","link":"https:\/\/www.wctag-hilft.de\/homepage\/wer-sind-wir\/","title":{"rendered":"Wer wir sind \/ Who we are"},"content":{"rendered":"<p style=\"font-size: 18px; text-align: justify;\"><b><img loading=\"lazy\" decoding=\"async\" class=\"alignnone wp-image-817 size-full\" src=\"https:\/\/www.wctag-hilft.de\/homepage\/wp-content\/uploads\/2016\/03\/108-e1467636131565.jpg\" alt=\"Wer wir sind1\/Who we are1\" width=\"2128\" height=\"1032\" srcset=\"https:\/\/www.wctag-hilft.de\/homepage\/wp-content\/uploads\/2016\/03\/108-e1467636131565.jpg 2128w, https:\/\/www.wctag-hilft.de\/homepage\/wp-content\/uploads\/2016\/03\/108-e1467636131565-300x145.jpg 300w, https:\/\/www.wctag-hilft.de\/homepage\/wp-content\/uploads\/2016\/03\/108-e1467636131565-1024x497.jpg 1024w, https:\/\/www.wctag-hilft.de\/homepage\/wp-content\/uploads\/2016\/03\/108-e1467636131565-768x372.jpg 768w\" sizes=\"auto, (max-width: 2128px) 100vw, 2128px\" \/><\/b><\/p>\n<div style=\"font-size: 18px; text-align: justify;\"><\/div>\n<div style=\"font-size: 18px; text-align: justify;\">DE<\/div>\n<div style=\"font-size: 18px; text-align: justify;\"><\/div>\n<div style=\"font-size: 18px; text-align: justify;\"><b>WCTAG hilft <\/b>ist eine gemeinn\u00fctzige und mildt\u00e4tige Hilfsorganisation mit Sitz in Hamburg. Seit Dezember 2009 unterst\u00fctzen\u00a0wir als eingetragener Verein ausgew\u00e4hlte Kinderhilfsprojekte in Sri Lanka, Brasilien und Deutschland.<\/div>\n<div style=\"text-align: justify; font-size: 18px;\">\n<p style=\"text-align: justify;\">Wir arbeiten <strong>international<\/strong>,<strong> politisch unabh\u00e4ngig<\/strong> und <strong>konfessionell neutral<\/strong>.<\/p>\n<p style=\"text-align: justify;\">Das gro\u00dfartige soziale\u00a0Engagement vieler Sch\u00fcler und Lehrkr\u00e4fte des <a href=\"http:\/\/www.wctag.de\/index.php?id=1\" target=\"_blank\" rel=\"noopener noreferrer\">Taiji Verbandes WCTAG<\/a> war die Basis f\u00fcr die Gr\u00fcndung unseres Vereins WCTAG hilft in 2009.\u00a0Wir bedanken\u00a0uns ganz herzlich f\u00fcr die langj\u00e4hrige und treue Unterst\u00fctzung!<\/p>\n<div style=\"font-size: 18px; text-align: justify;\"><\/div>\n<div style=\"font-size: 18px; text-align: justify;\">EN<\/div>\n<div style=\"font-size: 18px; text-align: justify;\"><\/div>\n<div style=\"font-size: 18px; text-align: justify;\"><b>WCTAG hilft <\/b>is a charitable organization based in Hamburg, Germany. Since the year 2009 we support educational projects for children in Brazil, Sri Lanka and Germany.<\/div>\n<div style=\"text-align: justify; font-size: 18px;\">\n<p style=\"text-align: justify;\">We work <strong>globally<\/strong>,<strong> independent from political and confessionall believes<\/strong>.<\/p>\n<p style=\"text-align: justify;\">The incredible engagement of many students and teachers in the <a href=\"http:\/\/www.wctag.de\/index.php?id=1\" target=\"_blank\" rel=\"noopener noreferrer\">World Chen Xiaowang Taijiquan Association<\/a> created the ground for the foundation of the NGO WCTAG hilft in 2009. Thank you all so much for your longtime support and help!<\/p>\n<p style=\"text-align: justify;\"><img loading=\"lazy\" decoding=\"async\" class=\"wp-image-886 aligncenter\" src=\"https:\/\/www.wctag-hilft.de\/homepage\/wp-content\/uploads\/2016\/03\/wctag-logo_schwarz-1024x719.jpg\" alt=\"wctag-logo_schwarz\" width=\"216\" height=\"152\" srcset=\"https:\/\/www.wctag-hilft.de\/homepage\/wp-content\/uploads\/2016\/03\/wctag-logo_schwarz-1024x719.jpg 1024w, https:\/\/www.wctag-hilft.de\/homepage\/wp-content\/uploads\/2016\/03\/wctag-logo_schwarz-300x211.jpg 300w, https:\/\/www.wctag-hilft.de\/homepage\/wp-content\/uploads\/2016\/03\/wctag-logo_schwarz.jpg 1429w\" sizes=\"auto, (max-width: 216px) 100vw, 216px\" \/><\/p>\n<\/div>\n<\/div>\n","protected":false},"excerpt":{"rendered":"<p>DE WCTAG hilft ist eine gemeinn\u00fctzige und mildt\u00e4tige Hilfsorganisation mit Sitz in Hamburg. Seit Dezember 2009 unterst\u00fctzen\u00a0wir als eingetragener Verein ausgew\u00e4hlte Kinderhilfsprojekte in Sri Lanka, Brasilien und Deutschland. Wir arbeiten international, politisch unabh\u00e4ngig und konfessionell neutral. Das gro\u00dfartige soziale\u00a0Engagement vieler Sch\u00fcler und Lehrkr\u00e4fte des Taiji Verbandes WCTAG war die Basis f\u00fcr die Gr\u00fcndung unseres Vereins [&hellip;]<\/p>\n","protected":false},"author":1,"featured_media":0,"parent":0,"menu_order":0,"comment_status":"closed","ping_status":"closed","template":"","meta":{"footnotes":""},"class_list":["post-22","page","type-page","status-publish","hentry"],"_links":{"self":[{"href":"https:\/\/www.wctag-hilft.de\/homepage\/wp-json\/wp\/v2\/pages\/22","targetHints":{"allow":["GET"]}}],"collection":[{"href":"https:\/\/www.wctag-hilft.de\/homepage\/wp-json\/wp\/v2\/pages"}],"about":[{"href":"https:\/\/www.wctag-hilft.de\/homepage\/wp-json\/wp\/v2\/types\/page"}],"author":[{"embeddable":true,"href":"https:\/\/www.wctag-hilft.de\/homepage\/wp-json\/wp\/v2\/users\/1"}],"replies":[{"embeddable":true,"href":"https:\/\/www.wctag-hilft.de\/homepage\/wp-json\/wp\/v2\/comments?post=22"}],"version-history":[{"count":60,"href":"https:\/\/www.wctag-hilft.de\/homepage\/wp-json\/wp\/v2\/pages\/22\/revisions"}],"predecessor-version":[{"id":1654,"href":"https:\/\/www.wctag-hilft.de\/homepage\/wp-json\/wp\/v2\/pages\/22\/revisions\/1654"}],"wp:attachment":[{"href":"https:\/\/www.wctag-hilft.de\/homepage\/wp-json\/wp\/v2\/media?parent=22"}],"curies":[{"name":"wp","href":"https:\/\/api.w.org\/{rel}","templated":true}]}}