{"id":196,"date":"2016-04-29T17:57:41","date_gmt":"2016-04-29T15:57:41","guid":{"rendered":"http:\/\/www.wctag-hilft.de\/homepage\/?page_id=196"},"modified":"2020-05-10T23:10:47","modified_gmt":"2020-05-10T21:10:47","slug":"kooperationen","status":"publish","type":"page","link":"https:\/\/www.wctag-hilft.de\/homepage\/kooperationen\/","title":{"rendered":"Kooperationen"},"content":{"rendered":"<h1><span style=\"color: #28a196;\"><strong>F\u00fcr Unternehmen<\/strong><\/span><\/h1>\n<h3><span style=\"color: #808080;\"><b style=\"color: grey;\">Ihr Unternehmen als Partner unserer Hilfsprojekte<\/b><\/span><\/h3>\n<p>F\u00fcr Unternehmen ist das Thema soziale Verantwortung in der heutigen Zeit von gro\u00dfer Bedeutung. Kindern zu helfen und Verantwortung f\u00fcr Not leidende Menschen zu \u00fcbernehmen, verbindet, macht Freude und hilft somit gleich beiden Seiten. Unterst\u00fctzen Sie eines unserer Kinderhilfsprojekte und leisten Sie damit Ihren Beitrag zu einer Welt mit ein wenig\u00a0mehr sozialer Gerechtigkeit.<\/p>\n<div style=\"font-size: 18px;\">\n<p>Wenn Sie sich mit Ihren Kollegen, Ihrer Abteilung oder Ihrem Unternehmen mit uns gemeinsam engagieren wollen, freuen wir uns auf Ihre Kontaktaufnahme!\u00a0Gern senden wir Ihnen auch unsere <strong>Spenden-Sammeldosen<\/strong> zu!<\/p>\n<p>Kontakt:\u00a0Holger R\u00f6bel<\/p>\n<p>Telefon: (+49) 40 3194224<br \/>\nMobil: (+49) 173\u00a08305384<br \/>\nEmail: <a style=\"font-size: 18px; color: #28a196;\" href=\"mailto:info@wctag-hilft.de\">info@wctag-hilft.de<\/a><\/p>\n<\/div>\n<p>&nbsp;<\/p>\n<hr \/>\n<h1><span style=\"color: #28a196;\"><strong>F\u00fcr Schulen<\/strong><\/span><\/h1>\n<h3><b style=\"color: grey;\">Unterst\u00fctzen und sensibilisieren Sie Kinder, anderen Kindern zu helfen!<\/b><\/h3>\n<div style=\"font-size: 18px; text-align: justify;\">\n<p>Wir m\u00f6chten Sch\u00fcler dazu ermutigen, sich f\u00fcr hilfsbed\u00fcrftige Kinder aus anderen Kulturen einzusetzen und einen kulturellen Austausch anzuregen.Als Lehrer k\u00f6nnen Sie ihre Sch\u00fclern durch verschiedene Projekte f\u00fcr Themen wie Mitgef\u00fchl, Armut und soziale Missst\u00e4nde sensibilisieren. Besonders wertvoll ist, dass die Kinder dadurch lernen, ihre eigenen Probleme in einen anderen Kontext zu bringen und diese so besser einsch\u00e4tzen zu k\u00f6nnen.<\/p>\n<p>Die Anzahl an m\u00f6glichen Projekten ist gro\u00df \u2013 Sch\u00fcler, Lehrer und Schulen k\u00f6nnen auf viele unterschiedliche Arten soziale Verantwortung \u00fcbernehmen. Hier nur einige <strong>Beispiele<\/strong>:<\/p>\n<\/div>\n<div style=\"font-size: 18px;\"><\/div>\n<div style=\"font-size: 18px;\">&#8211; Spendenmarathon<br \/>\n&#8211; Tombola<br \/>\n&#8211; Bastelaktionen auf Schulfesten<br \/>\n&#8211; Aufrunden f\u00fcr einen guten Zweck<br \/>\n&#8211; Schulpatenschaften<br \/>\n&#8211; Brieffreundschaften<\/div>\n<div style=\"font-size: 18px;\"><\/div>\n<p style=\"margin-top: 20px\">\n<div style=\"font-size: 18px;\">Sie wollen sich mit Ihrer Klasse oder Schule engagieren? Dann melden Sie sich gern bei uns!\u00a0Gern senden wir Ihnen auch unsere <strong>Spenden-Sammeldosen<\/strong> zu!<\/div>\n<div style=\"font-size: 18px;\"><\/div>\n<p style=\"margin-top: 20px\">\n<div style=\"font-size: 18px;\">Kontakt:\u00a0Holger R\u00f6bel<\/div>\n<div style=\"font-size: 18px;\">Telefon: (+49) 40 3194224<\/div>\n<div style=\"font-size: 18px;\">Mobil: (+49) 173\u00a08305384<br \/>\nEmail: <a style=\"font-size: 18px; color: #28a196;\" href=\"mailto:info@wctag-hilft.de\">info@wctag-hilft.de<\/a><\/div>\n<p>&nbsp;<\/p>\n<hr \/>\n<h1><span style=\"color: #28a196;\"><strong>F\u00fcr Taiji-Schulen\/-Kurse<\/strong><\/span><\/h1>\n<h3><b style=\"color: grey;\">Bei sozialen Projekten profitieren beide Seiten<\/b><\/h3>\n<p>K\u00f6rper, Geist und Seele in eine Einheit zu bringen, bedeutet auch, \u00fcber das eigene Selbst hinaus zu schauen, sich f\u00fcr andere einzusetzen und Mitgef\u00fchl zu entwickeln. Deshalb m\u00f6chten wir Taiji-Schulen begeistern, sich in ihren Kursen f\u00fcr hilfsbed\u00fcrftige Kinder und Jugendliche zu engagieren.<\/p>\n<div style=\"font-size: 18px;\">Es gibt viele M\u00f6glichkeiten, wie Schulen oder Kurse unsere Projekte unterst\u00fctzen k\u00f6nnen. Schon kleine Aktivit\u00e4ten wie das Verteilen von Flyern oder das Sammeln von Spenden k\u00f6nnen hier viel bewirken und eine wertvolle Hilfe sein, Kindern eine bessere Zukunft zu bieten. Gern senden wir Ihnen auch unsere <strong>Spenden-Sammeldosen<\/strong> zu!<\/div>\n<p style=\"margin-top: 20px\">\n<div style=\"font-size: 18px;\"><\/div>\n<div style=\"font-size: 18px;\">Kontakt:\u00a0Holger R\u00f6bel<\/div>\n<div style=\"font-size: 18px;\">Telefon: (+49) 40 3194224<\/div>\n<div style=\"font-size: 18px;\">Mobil: (+49) 173\u00a08305384<br \/>\nEmail: <a style=\"font-size: 18px; color: #28a196;\" href=\"mailto:info@wctag-hilft.de\">info@wctag-hilft.de<\/a><\/div>\n","protected":false},"excerpt":{"rendered":"<p>F\u00fcr Unternehmen Ihr Unternehmen als Partner unserer Hilfsprojekte F\u00fcr Unternehmen ist das Thema soziale Verantwortung in der heutigen Zeit von gro\u00dfer Bedeutung. Kindern zu helfen und Verantwortung f\u00fcr Not leidende Menschen zu \u00fcbernehmen, verbindet, macht Freude und hilft somit gleich beiden Seiten. Unterst\u00fctzen Sie eines unserer Kinderhilfsprojekte und leisten Sie damit Ihren Beitrag zu einer [&hellip;]<\/p>\n","protected":false},"author":1,"featured_media":0,"parent":0,"menu_order":0,"comment_status":"closed","ping_status":"closed","template":"","meta":{"footnotes":""},"class_list":["post-196","page","type-page","status-publish","hentry"],"_links":{"self":[{"href":"https:\/\/www.wctag-hilft.de\/homepage\/wp-json\/wp\/v2\/pages\/196","targetHints":{"allow":["GET"]}}],"collection":[{"href":"https:\/\/www.wctag-hilft.de\/homepage\/wp-json\/wp\/v2\/pages"}],"about":[{"href":"https:\/\/www.wctag-hilft.de\/homepage\/wp-json\/wp\/v2\/types\/page"}],"author":[{"embeddable":true,"href":"https:\/\/www.wctag-hilft.de\/homepage\/wp-json\/wp\/v2\/users\/1"}],"replies":[{"embeddable":true,"href":"https:\/\/www.wctag-hilft.de\/homepage\/wp-json\/wp\/v2\/comments?post=196"}],"version-history":[{"count":30,"href":"https:\/\/www.wctag-hilft.de\/homepage\/wp-json\/wp\/v2\/pages\/196\/revisions"}],"predecessor-version":[{"id":1275,"href":"https:\/\/www.wctag-hilft.de\/homepage\/wp-json\/wp\/v2\/pages\/196\/revisions\/1275"}],"wp:attachment":[{"href":"https:\/\/www.wctag-hilft.de\/homepage\/wp-json\/wp\/v2\/media?parent=196"}],"curies":[{"name":"wp","href":"https:\/\/api.w.org\/{rel}","templated":true}]}}