{"id":194,"date":"2016-04-29T17:57:17","date_gmt":"2016-04-29T15:57:17","guid":{"rendered":"http:\/\/www.wctag-hilft.de\/homepage\/?page_id=194"},"modified":"2020-05-12T13:06:18","modified_gmt":"2020-05-12T11:06:18","slug":"zeit-spenden","status":"publish","type":"page","link":"https:\/\/www.wctag-hilft.de\/homepage\/zeit-spenden\/","title":{"rendered":"Zeit spenden"},"content":{"rendered":"<p><img loading=\"lazy\" decoding=\"async\" class=\"wp-image-1608 size-large alignleft\" src=\"https:\/\/www.wctag-hilft.de\/homepage\/wp-content\/uploads\/2020\/05\/header_zeit-spenden_neu-e1469201790955-1024x407.jpg\" alt=\"\" width=\"1000\" height=\"397\" srcset=\"https:\/\/www.wctag-hilft.de\/homepage\/wp-content\/uploads\/2020\/05\/header_zeit-spenden_neu-e1469201790955-1024x407.jpg 1024w, https:\/\/www.wctag-hilft.de\/homepage\/wp-content\/uploads\/2020\/05\/header_zeit-spenden_neu-e1469201790955-300x119.jpg 300w, https:\/\/www.wctag-hilft.de\/homepage\/wp-content\/uploads\/2020\/05\/header_zeit-spenden_neu-e1469201790955-768x305.jpg 768w, https:\/\/www.wctag-hilft.de\/homepage\/wp-content\/uploads\/2020\/05\/header_zeit-spenden_neu-e1469201790955-1536x610.jpg 1536w, https:\/\/www.wctag-hilft.de\/homepage\/wp-content\/uploads\/2020\/05\/header_zeit-spenden_neu-e1469201790955.jpg 1862w\" sizes=\"auto, (max-width: 1000px) 100vw, 1000px\" \/><\/p>\n<h1><\/h1>\n<div style=\"font-size: 18px;\"><\/div>\n<h1><span style=\"color: #28a196;\"><strong>Du m\u00f6chtest Teil unseres Teams werden?<\/strong><\/span><\/h1>\n<p>Wir sind \u00fcber jede helfende Hand dankbar und freuen uns auf Deine Bewerbung f\u00fcr\u00a0unsere aktuellen Zeitspenden-Ausschreibungen:<\/p>\n<div style=\"font-size: 18px;\">\n<ul>\n<li>Damit unsere Sch\u00fctzlinge noch besser lernen und spielen k\u00f6nnen, suchen wir DICH\u00a0als <a href=\"https:\/\/www.betterplace.org\/de\/volunteering\/35893-damit-unsere-schutzlinge-noch-besser-lernen-und-spielen-konnen-suchen-wir-dich-als-fundraiser-in\" target=\"_blank\" rel=\"noopener noreferrer\">Fundraiser*in<\/a><\/li>\n<li>Damit wir deutschlandweit bekannter werden, suchen wir DICH\u00a0als <a href=\"http:\/\/betterplace.org\/v35964\" target=\"_blank\" rel=\"noopener noreferrer\">PR-Berater*in<\/a><\/li>\n<li>Damit wir Online besser aussehen, suchen wir DICH\u00a0als <a href=\"https:\/\/www.betterplace.org\/de\/volunteering\/36249-damit-wir-online-besser-aussehen-suchen-wir-dich-als-webdesigner-in\" target=\"_blank\" rel=\"noopener noreferrer\">Webdesigner*in<\/a><\/li>\n<li>Unterst\u00fctze\u00a0unser Team als <a href=\"https:\/\/www.betterplace.org\/de\/volunteering\/13539-volontariat-in-der-kindertagesstatte-insel-der-kinder-in-brasilien\" target=\"_blank\" rel=\"noopener noreferrer\">Volont\u00e4r*in<\/a> in der Kindertagesst\u00e4tte \u201eInsel der Kinder\u201c in Brasilien<\/li>\n<\/ul>\n<\/div>\n<div style=\"font-size: 18px;\"><\/div>\n<div style=\"font-size: 18px;\">\n<p style=\"text-align: justify;\">Aber auch jede andere Hilfe ist bei uns herzlich willkommen.\u00a0Solltest Du Interesse und etwas Zeit haben uns zu helfen, melden Dich gern \u2013 Vielen Dank!<\/p>\n<p>Kontakt:\u00a0Holger R\u00f6bel<br \/>\nTelefon: (+49) 40 3194224<br \/>\nMobil: (+49) 173\u00a08305384<br \/>\nEmail: <a style=\"font-size: 18px; color: #7bae4e;\" href=\"mailto:info@wctag-hilft.de\">info@wctag-hilft.de<\/a><\/p>\n<\/div>\n","protected":false},"excerpt":{"rendered":"<p>Du m\u00f6chtest Teil unseres Teams werden? Wir sind \u00fcber jede helfende Hand dankbar und freuen uns auf Deine Bewerbung f\u00fcr\u00a0unsere aktuellen Zeitspenden-Ausschreibungen: Damit unsere Sch\u00fctzlinge noch besser lernen und spielen k\u00f6nnen, suchen wir DICH\u00a0als Fundraiser*in Damit wir deutschlandweit bekannter werden, suchen wir DICH\u00a0als PR-Berater*in Damit wir Online besser aussehen, suchen wir DICH\u00a0als Webdesigner*in Unterst\u00fctze\u00a0unser Team [&hellip;]<\/p>\n","protected":false},"author":1,"featured_media":0,"parent":0,"menu_order":0,"comment_status":"closed","ping_status":"closed","template":"","meta":{"footnotes":""},"class_list":["post-194","page","type-page","status-publish","hentry"],"_links":{"self":[{"href":"https:\/\/www.wctag-hilft.de\/homepage\/wp-json\/wp\/v2\/pages\/194","targetHints":{"allow":["GET"]}}],"collection":[{"href":"https:\/\/www.wctag-hilft.de\/homepage\/wp-json\/wp\/v2\/pages"}],"about":[{"href":"https:\/\/www.wctag-hilft.de\/homepage\/wp-json\/wp\/v2\/types\/page"}],"author":[{"embeddable":true,"href":"https:\/\/www.wctag-hilft.de\/homepage\/wp-json\/wp\/v2\/users\/1"}],"replies":[{"embeddable":true,"href":"https:\/\/www.wctag-hilft.de\/homepage\/wp-json\/wp\/v2\/comments?post=194"}],"version-history":[{"count":46,"href":"https:\/\/www.wctag-hilft.de\/homepage\/wp-json\/wp\/v2\/pages\/194\/revisions"}],"predecessor-version":[{"id":1660,"href":"https:\/\/www.wctag-hilft.de\/homepage\/wp-json\/wp\/v2\/pages\/194\/revisions\/1660"}],"wp:attachment":[{"href":"https:\/\/www.wctag-hilft.de\/homepage\/wp-json\/wp\/v2\/media?parent=194"}],"curies":[{"name":"wp","href":"https:\/\/api.w.org\/{rel}","templated":true}]}}