{"id":183,"date":"2016-04-29T17:55:26","date_gmt":"2016-04-29T15:55:26","guid":{"rendered":"http:\/\/www.wctag-hilft.de\/homepage\/?page_id=183"},"modified":"2016-09-21T14:27:42","modified_gmt":"2016-09-21T12:27:42","slug":"vor-ort","status":"publish","type":"page","link":"https:\/\/www.wctag-hilft.de\/homepage\/vor-ort\/","title":{"rendered":"Hamburg"},"content":{"rendered":"<h1>Kids Welcome \u2013 f\u00fcr Fl\u00fcchtlingskinder in Hamburg<\/h1>\n<p style=\"text-align: justify;\">Wir\u00a0unterst\u00fctzen seit 2016 die ehrenamtliche Initiative\u00a0<a href=\"http:\/\/www.kids-welcome.org\" target=\"_blank\">Kids Welcome<\/a>.\u00a0Kids Welcome hilft gefl\u00fcchteten Kindern und Jugendlichen in momentan 12 Hamburger Erstunterk\u00fcnften mit Spiel- und Integrationsangeboten.<\/p>\n<p style=\"text-align: justify;\">Als neuer Partner der Organisation f\u00fcr Fl\u00fcchtlingshilfe sammeln wir Sach- und Geldspenden.\u00a0Unsere Gesch\u00e4ftsf\u00fchrerin Ulrike Kramer ist Teil des\u00a0Organisationsteams von Kids Welcome und leitet das Projekt Shiny Teeth, eine Zahnputzschule f\u00fcr gefl\u00fcchtete Kinder.<\/p>\n<p style=\"text-align: justify;\">Mit einem festen Team aus rund 100 Ehrenamtlichen und sieben\u00a0freiwilligen Organisator*innen schaffen wir gesch\u00fctzte kinderfreundliche R\u00e4ume. \u201eKind sein d\u00fcrfen\u201c bestimmt die von uns organisierten Spielzeiten und Ausfl\u00fcge. Mobile Programme bringen Spa\u00df und Gesundheit in die Unterk\u00fcnfte \u2013 das fahrende Kino, die Kinderdisko und die Zahnputzschule. Wir schenken Kindern Zeit, Aufmerksamkeit und Wertsch\u00e4tzung. Damit f\u00fcllen wir eine akute Versorgungsl\u00fccke der staatlichen Betreuung.<\/p>\n<p>Kids Welcome ist ein Netzwerk von und f\u00fcr Ehrenamtliche. Wir suchen Freiwillige, bilden sie weiter und finden f\u00fcr sie den passenden Einsatzort. Wir beziehen in unsere Projekte besonders Menschen mit Fluchterfahrung ein, die als Kulturmittler agieren.<\/p>\n<div style=\"font-size: 18px;\"><\/div>\n<div style=\"font-size: 18px;\">\n<p>&nbsp;<\/p>\n<div data-id='closed' class=\"ale-toggle\"><span class=\"ale-toggle-title\">Mehr lesen<\/span><div class=\"ale-toggle-inner\"><\/p>\n<p>Kinder und Jugendliche, die als Fl\u00fcchtlinge zu uns kommen, finden sich oft in einem Alltag aus Warten, Langeweile und Ungewissheit wieder. Besonders solange sie sich in Notunterk\u00fcnften und Erstaufnahmen aufhalten m\u00fcssen. Kids Welcome schenkt\u00a0diesen h\u00e4ufig traumatisierten Jungen und M\u00e4dchen Aufmerksamkeit und Zuwendung.<\/p>\n<p>Kids Welcome engagiert\u00a0sich f\u00fcr eine bessere Einhaltung der Kinderrechte in den Unterk\u00fcnften. Gro\u00dfe Sorge bereitet uns die Sicherheit f\u00fcr Kinder und M\u00e4dchen, da es an Beleuchtung, verschlie\u00dfbaren\u00a0Sanit\u00e4ranlagen und Wachdiensten mangelt. Neben Spiel- und Freizeitangeboten fokussieren wir Gesundheitsprogramme und die Betreuung und den Schutz von Minderj\u00e4hrigen. Wir helfen au\u00dferdem in gesundheitlichen und rechtlichen Fragen.<\/p>\n<p>Kids Welcome\u00a0kooperiert mit den Tr\u00e4gern der Unterk\u00fcnfte, der Stadt und den Bezirken und unterst\u00fctzt regionale Initiativen. Unsere Motivation ist es, hamburgweit eine umfassende Betreuung der Kinder in den Unterk\u00fcnften zu gew\u00e4hrleisten. <\/div><\/div>\n<p>&nbsp;<\/p>\n<\/div>\n<p style=\"text-align: center;\"><b>Sie wollen helfen? Wir k\u00f6nnen Ihre Unterst\u00fctzung sehr gut gebrauchen!\u00a0Egal, wie Sie sich engagieren m\u00f6chten \u2013 schreiben Sie uns einfach eine Email an:\u00a0<\/b><b><a style=\"font-size: 18px; color: #7bae4e;\" href=\"mailto:info@kids-welcome.org\">info@kids-welcome.org<\/a><\/b><\/p>\n<div style=\"font-size: 18px; text-align: center;\">\n<p style=\"text-align: center;\"><b>und finden Sie mehr Infos zu uns hier:<\/b><\/p>\n<div style=\"font-size: 18px; text-align: center;\"><b><a style=\"font-size: 18px; color: #7bae4e;\" href=\"http:\/\/www.kids-welcome.org\" target=\"_blank\">www.kids-welcome.org<\/a><\/b><\/div>\n<p>&nbsp;<\/p>\n<div style=\"font-size: 18px; text-align: center;\"><\/div>\n<div style=\"font-size: 18px; text-align: center;\"><\/div>\n<div style=\"font-size: 18px;\">[unitegallery galleryvorOrt2]<\/div>\n<div style=\"font-size: 18px;\"><\/div>\n<div style=\"font-size: 18px;\"><\/div>\n<p>&nbsp;<\/p>\n<\/div>\n","protected":false},"excerpt":{"rendered":"<p>Kids Welcome \u2013 f\u00fcr Fl\u00fcchtlingskinder in Hamburg Wir\u00a0unterst\u00fctzen seit 2016 die ehrenamtliche Initiative\u00a0Kids Welcome.\u00a0Kids Welcome hilft gefl\u00fcchteten Kindern und Jugendlichen in momentan 12 Hamburger Erstunterk\u00fcnften mit Spiel- und Integrationsangeboten. Als neuer Partner der Organisation f\u00fcr Fl\u00fcchtlingshilfe sammeln wir Sach- und Geldspenden.\u00a0Unsere Gesch\u00e4ftsf\u00fchrerin Ulrike Kramer ist Teil des\u00a0Organisationsteams von Kids Welcome und leitet das Projekt Shiny [&hellip;]<\/p>\n","protected":false},"author":1,"featured_media":0,"parent":0,"menu_order":0,"comment_status":"closed","ping_status":"closed","template":"template-page-hamburg.php","meta":{"footnotes":""},"class_list":["post-183","page","type-page","status-publish","hentry"],"_links":{"self":[{"href":"https:\/\/www.wctag-hilft.de\/homepage\/wp-json\/wp\/v2\/pages\/183","targetHints":{"allow":["GET"]}}],"collection":[{"href":"https:\/\/www.wctag-hilft.de\/homepage\/wp-json\/wp\/v2\/pages"}],"about":[{"href":"https:\/\/www.wctag-hilft.de\/homepage\/wp-json\/wp\/v2\/types\/page"}],"author":[{"embeddable":true,"href":"https:\/\/www.wctag-hilft.de\/homepage\/wp-json\/wp\/v2\/users\/1"}],"replies":[{"embeddable":true,"href":"https:\/\/www.wctag-hilft.de\/homepage\/wp-json\/wp\/v2\/comments?post=183"}],"version-history":[{"count":61,"href":"https:\/\/www.wctag-hilft.de\/homepage\/wp-json\/wp\/v2\/pages\/183\/revisions"}],"predecessor-version":[{"id":1502,"href":"https:\/\/www.wctag-hilft.de\/homepage\/wp-json\/wp\/v2\/pages\/183\/revisions\/1502"}],"wp:attachment":[{"href":"https:\/\/www.wctag-hilft.de\/homepage\/wp-json\/wp\/v2\/media?parent=183"}],"curies":[{"name":"wp","href":"https:\/\/api.w.org\/{rel}","templated":true}]}}